{"id":415,"date":"2024-02-16T14:00:50","date_gmt":"2024-02-16T14:00:50","guid":{"rendered":"https:\/\/manchinger-tafel.de\/?page_id=415"},"modified":"2026-04-14T10:32:42","modified_gmt":"2026-04-14T10:32:42","slug":"wir-uber-uns","status":"publish","type":"page","link":"https:\/\/manchinger-tafel.de\/?page_id=415","title":{"rendered":"Wir \u00fcber uns"},"content":{"rendered":"<div>\n<p>Die Manchinger Tafel unterst\u00fctzt bed\u00fcrftige Mitb\u00fcrger mit Lebensmittelspenden von Superm\u00e4rkten aus Manching und Umgebung, gegen den symbolischen Preis von 2,&#8211; Euro pro Haushalt. Ins Leben gerufen wurde diese Aktion bereits 2004, vom Verein zur F\u00f6rderung der Manchinger Tafel e. V. Die Leitung haben aktuell Manfred Milleder und Xaver Huber.<\/p>\n<p>Neu im Organisationsteam begr\u00fc\u00dfen wir unseren Gesch\u00e4ftsf\u00fchrer Marco Wolf. Er k\u00fcmmert sich hauptamtlich um die die Organisation und den reibungslosen Ablauf der Tafel. Er arbeitet eng mit unseren Sponsoren, den zahlreichen Unterst\u00fctzern und dem Bundesverband Tafel Deutschland e.V. zusammen.<\/span><\/p>\n<\/div>\n<p><!--more--><br \/>\n<!-- {\"type\":\"layout\",\"children\":[{\"type\":\"section\",\"props\":{\"image_position\":\"center-center\",\"style\":\"default\",\"title_breakpoint\":\"xl\",\"title_position\":\"top-left\",\"title_rotation\":\"left\",\"vertical_align\":\"\",\"width\":\"default\"},\"children\":[{\"type\":\"row\",\"children\":[{\"type\":\"column\",\"props\":{\"image_position\":\"center-center\",\"position_sticky_breakpoint\":\"m\"},\"children\":[{\"type\":\"breadcrumbs\",\"props\":{\"show_current\":true,\"show_home\":true}},{\"type\":\"text\",\"props\":{\"column_breakpoint\":\"m\",\"content\":\"\n\n<p>Die Manchinger Tafel unterst\u00fctzt bed\u00fcrftige Mitb\u00fcrger mit Lebensmittelspenden von Superm\u00e4rkten aus Manching und Umgebung, gegen den symbolischen Preis von 2,-- Euro pro Haushalt. Ins Leben gerufen wurde diese Aktion bereits 2004, vom Verein zur F\u00f6rderung der Manchinger Tafel e. V. Die Leitung haben aktuell Manfred Milleder und Xaver Huber.\n\nNeu im Organisationsteam begr\u00fc\u00dfen wir unseren Gesch\u00e4ftsf\u00fchrer Marco Wolf. Er k\u00fcmmert sich hauptamtlich um die die Organisation und den reibungslosen Ablauf der Tafel. Er arbeitet eng mit unseren Sponsoren, den zahlreichen Unterst\u00fctzern und dem Bundesverband Tafel Deutschland e.V. zusammen.<\/span><\/p>\n\n\",\"margin_bottom\":\"default\",\"margin_top\":\"default\"}}]}]}]}],\"version\":\"5.0.28\"} --><\/p>\n","protected":false},"excerpt":{"rendered":"<p>Die Manchinger Tafel unterst\u00fctzt bed\u00fcrftige Mitb\u00fcrger mit Lebensmittelspenden von Superm\u00e4rkten aus Manching und Umgebung, gegen den symbolischen Preis von 2,&#8211; Euro pro Haushalt. Ins Leben gerufen wurde diese Aktion bereits 2004, vom Verein zur F\u00f6rderung der Manchinger Tafel e. V. Die Leitung haben aktuell Manfred Milleder und Xaver Huber. Neu im Organisationsteam begr\u00fc\u00dfen wir unseren [&hellip;]<\/p>\n","protected":false},"author":2,"featured_media":0,"parent":0,"menu_order":0,"comment_status":"closed","ping_status":"closed","template":"","meta":{"footnotes":""},"class_list":["post-415","page","type-page","status-publish","hentry"],"_links":{"self":[{"href":"https:\/\/manchinger-tafel.de\/index.php?rest_route=\/wp\/v2\/pages\/415","targetHints":{"allow":["GET"]}}],"collection":[{"href":"https:\/\/manchinger-tafel.de\/index.php?rest_route=\/wp\/v2\/pages"}],"about":[{"href":"https:\/\/manchinger-tafel.de\/index.php?rest_route=\/wp\/v2\/types\/page"}],"author":[{"embeddable":true,"href":"https:\/\/manchinger-tafel.de\/index.php?rest_route=\/wp\/v2\/users\/2"}],"replies":[{"embeddable":true,"href":"https:\/\/manchinger-tafel.de\/index.php?rest_route=%2Fwp%2Fv2%2Fcomments&post=415"}],"version-history":[{"count":2,"href":"https:\/\/manchinger-tafel.de\/index.php?rest_route=\/wp\/v2\/pages\/415\/revisions"}],"predecessor-version":[{"id":662,"href":"https:\/\/manchinger-tafel.de\/index.php?rest_route=\/wp\/v2\/pages\/415\/revisions\/662"}],"wp:attachment":[{"href":"https:\/\/manchinger-tafel.de\/index.php?rest_route=%2Fwp%2Fv2%2Fmedia&parent=415"}],"curies":[{"name":"wp","href":"https:\/\/api.w.org\/{rel}","templated":true}]}}